 - -3) + -7 + 6.
5
What is (9 - 0) + (1 - 3) + -5?
2
What is the value of -6 + 7 + (-1 - -1)?
1
Calculate 3 + -2 + 0 + (4 - 8).
-3
Calculate 1 + -2 + (12 - 7) - 3.
1
-10 + 8 - (-2 + 0 + 5)
-5
What is the value of (-4 + 1 - 2) + 10 - 10?
-5
Calculate -25 - (-23 + 1) - (1 + 7).
-11
0 - (5 - (7 + 1))
3
Evaluate -3 + 11 + -6 + (2 - -4).
8
What is the value of -1 + (-3 - -1) + 5 - -3?
5
What is -8 - (-7 + 8 + -5)?
-4
-3 + 0 - (-3 - 2) - 2
0
(3 - (0 + 10)) + 10
3
(-11 - -11) + (0 - 1)
-1
2 + -10 + 6 + -2
-4
What is the value of -56 + 62 - (1 + 9)?
-4
What is the value of -3 + (-4 - -8 - -3) + -1?
3
Calculate 28 - 24 - (7 - (4 + -2)).
-1
(-1 - 4) + -33 + 36
-2
Evaluate 0 + -2 - (7 - 5).
-4
What is -6 + 9 + -1 + 4?
6
1 - (0 + (0 - 0 - -3))
-2
Evaluate (9 - (1 - 2)) + (-188 - -184).
6
Evaluate (3 - 2) + 0 + 4.
5
(23 + -19 - (-1 + -2)) + -2
5
What is -8 - (-19 + 0 + 9)?
2
What is the value of -4 - ((-1 - 9) + 4)?
2
Evaluate (-1 - -4) + -2 + 47 + -47.
1
What is the value of 11 - -1 - (63 - 55)?
4
What is 3 + (-4 - (3 + -2))?
-2
Evaluate (5 + -3 - 4) + -4 - -1.
-5
7 - (6 - -7) - -6
0
What is -7 - (2 - (4 - -3))?
-2
What is the value of -4 + (4 - 1) + -3?
-4
What is the value of 17 - (8 + 1 + 1)?
7
What is (4 - (11 - 6)) + -3?
-4
Evaluate 36 - 40 - (-9 + 3).
2
Calculate 14 + -6 + -2 - (11 + 3).
-8
What is the value of -1 + -2 + 4 + 3?
4
Calculate -4 + 7 + -1 + (4 - 1).
5
(0 - (5 - 3)) + -3 - -9
4
What is 18 - (-7 + (0 - -20))?
5
Evaluate -16 + (-4 - -13) + 9.
2
Evaluate -1 + (4 + 14 - 6) - 4.
7
-14 + (15 - (18 + -10))
-7
What is 8 + (4 - (-1 - (-8 - 1)))?
4
Evaluate -5 + (11 - 9 - (-1 + 0)).
-2
What is the value of -2 + -2 - ((-10 - -6) + -3)?
3
What is the value of -9 + 17 - (4 - 0)?
4
(3 - (0 - 3)) + -13
-7
Calculate 18 - 23 - (-3 + -1).
-1
Evaluate -9 + 7 + 1 + 7.
6
6 + -10 - (-3 - 3 - 2)
4
Evaluate 2 - 7 - ((2 - 0) + -5).
-2
(-1 - 3) + 3 - 0
-1
(1 - -1) + (0 - -5) + -5
2
What is -4 + 2 + 2 + -3?
-3
What is -5 + -5 + 8 - (-6 - -2)?
2
-2 - -1 - (4 + -7) - -2
4
9 + -2 + -4 - 5 - -2
0
What is 6 + 0 + -10 + 4?
0
Calculate 14 + (9 - 18) - 5.
0
Evaluate (-22 - -25) + -3 + -1.
-1
Calculate 0 + 7 - (196 - 187).
-2
What is the value of 9 + -3 - (8 - 3)?
1
What is the value of (-4 + 2 - 4) + -1 + 3?
-4
Evaluate (4 - 4) + (0 - -4 - -2).
6
What is (-7 - -4) + 2 - (-9 + 2)?
6
Calculate (2 - -1) + -49 + 45.
-1
What is -3 + ((-9 - 1) + 5 - -10)?
2
Evaluate -3 - (-3 + 0 - -2) - -1.
-1
Evaluate -1 - 0 - (-3 - (-1 - 2)).
-1
What is the value of (1 - (4 - 7)) + -3?
1
5 + 1 + 0 - (3 - 2)
5
Calculate 3 - (-4 - (8 + -21)).
-6
Calculate -18 - -20 - (5 - 1).
-2
What is the value of 6 - -3 - (12 - (2 - -5))?
4
What is the value of (1 - -1) + (0 - -1) - 3?
0
Evaluate 14 + (1 - 4) - (54 + -49).
6
What is the value of -21 + 19 + -1 + (6 - 1)?
2
Evaluate 0 + 0 + -4 + -8 + 23.
11
Calculate 3 + (-9 - -13) + -7.
0
What is -3 + (4 - (2 + 3))?
-4
What is -8 - -2 - -5 - (1 + 1)?
-3
Evaluate (6 - -5 - 3) + -6 - -2.
4
-12 + 12 + -5 + 5
0
What is the value of -1 - ((-3 - 0) + (-17 - -14))?
5
What is 7 + (1 - -2) + -3?
7
(2 - 2 - (4 + -2)) + 4
2
What is the value of 0 + -7 + 4 + -1?
-4
1 + -3 + (-8 - -6)
-4
3 - 5 - (-3 + -4)
5
Evaluate (1 + 4 - (-1 + 1)) + -1.
4
7 - (7 - (7 - 2))
5
Calculate 0 + 2 + (-9 - (2 - 9)).
0
Evaluate -4 - (11 + -8 - 5).
-2
Evaluate -49 + 37 + 8 + 0.
-4
What is -43 + 50 + -2 + 1 + -3?
3
12 - 13 - (-7 + 1)
5
Calculate 0 - (4 + 1 + 1).
-6
What is the value of (6 - (2 + 1)) + -4?
-1
What is the value of 0 + -5 + -3 + (0 - -4)?
-4
Calculate (2 + -5 - -11) + -5 + 1.
4
What is the value of 99 - 102 - (2 - (-1 - 0))?
-6
Evaluate 10 - 3 - (5 - -3 - 5).
4
What is 4 + (16 + -7 - 7)?
6
Calculate (5 - 13) + (-2 - -14).
4
Calculate 2 - (2 - (-3 + -1 + 2)).
-2
Evaluate 4 - (-3 - -5 - -4).
-2
Evaluate 17 + -21 + 1 + -1.
-4
Calculate -7 - -1 - (2 + -4 + 0).
-4
What is the value of (-2 - 1) + -8 + (10 - 0)?
-1
Calculate 8 + -3 - (-3 + 5).
3
Evaluate 1 - (-6 - -1) - (254 + -245).
-3
Calculate 4 + (5 - 2) + (8 - 12).
3
What is the value of -1 - 1 - (-85 + 80)?
3
What is the value of -11 + 15 + (2 - 7)?
-1
Evaluate 3 + (2 - 3) + -7 + 0.
-5
What is -4 - 0 - (-5 - 0)?
1
Evaluate 33 + -39 + (2 - -2).
-2
What is -3 + (2 + -1 - (-2 + 3))?
-3
Calculate (-1 + 2 - 4) + 0.
-3
-1 - 4 - -6 - 4
-3
Evaluate (4 + 3 - 2) + (-4 - -2).
3
(-3 - -5) + -1 + 4
5
Calculate -1 + -1 + -12 + 19 + -5.
0
(-4 - -7) + -12 + 11
2
Evaluate -3 - 0 - (-3 - 0).
0
What is the value of (3 - -2) + 0 - (4 - -4)?
-3
Evaluate (0 - -4) + (11 - (0 + 18)).
-3
What is 9 - (-5 - -10) - 3?
1
Calculate -1 + -4 + (15 - 12).
-2
Evaluate -3 + (4 - (5 + -11)).
7
What is the value of 0 - ((2 - 0) + 4 + -3)?
-3
What is the value of -3 - ((10 - 8) + 0) - -5?
0
What is 0 - (1 - -1 - (-13 - -14))?
-1
1 + 2 + (1 - 3 - -2)
3
What is 0 + -4 + 4 - -1?
1
What is -59 - -60 - (0 - -11)?
-10
What is (5 - 2) + -2 - -2?
3
What is -4 + 9 + (-2 + 3 - 6)?
0
Evaluate (3 - -1) + -1 - 6 - 3.
-6
-6 + -4 + 2 - (65 + -65)
-8
Evaluate -10 + 13 - (7 - 0).
-4
What is -5 + (-4 - (-2 - 2)) + 3?
-2
What is the value of 0 + 2 + 1 - 0 - 2?
1
Calculate 2 - 2 - -3 - 6.
-3
-8 + 0 - -2 - -6
0
What is the value of -4 + 6 - (-1 + 6)?
-3
Calculate 2 - (15 - 15 - (-1 + 2)).
3
What is the value of -4 - (2 - (-7 - -12))?
-1
Evaluate -5 + -1 + (1 - (-5 - -5)).
-5
What is -10 + 10 + 6 - 5?
1
What is the value of -5 - ((5 - 3 - 12) + -1)?
6
What is 3 + (5 - 8) + 8?
8
Calculate (12 - (4 - -1)) + -8 - 3.
-4
Calculate 2 + -9 - (-7 + (-10 - -18)).
-8
Evaluate (3 - 7) + (1 - -1).
-2
9 + -1 - (24 + -18) - 0
2
What is the value of (-2 - 1) + (16 - 10)?
3
What is -1 + 3 + (7 - 7) + 2?
4
What is -6 - (-12 - -7) - -4?
3
2 + -6 + 3 - (1 - 2)
0
(3 - 1) + 3 + 0 + -2
3
Evaluate (-4 - (-8 - -5) - 2) + 3.
0
What is -100 + 89 - (-8 - -1)?
-4
What is (4 - (-2 - (-2 - 3))) + 0?
1
1 + 2 + -1 + 3
5
-6 + (5 - (1 + (-1 - -2)))
-3
Calculate -2 + 3 + -1 + -1 - 3.
-4
Evaluate -6 - -2 - -2 - -3 - 6.
-5
Calculate -1 + 6 - (3 + -6 + 6).
2
Evaluate 1 + (-2 - (-2 - 4)).
5
What is the value of -4 + (-1 - -4) + -2 + 6?
3
What is -16 + (11 - (4 + -3))?
-6
What is the value of (9 - (2 + -1 + 1)) + -4?
3
Evaluate 4 + (-1 - ((-3 - -6) + -5)).
5
Evaluate 17 + (-6 - -1) + -8.
4
What is the value of (4 - -1) + -8 - -1?
-2
-4 + (0 + 0 - (-7 - -8))
-5
What is 8 + (6 - (-6 + 12))?
8
What is (1 - -1) + -2 - (17 - 17)?
0
Calculate (5 - 9) + (3 - 2).
-3
Evaluate 5 - (-1 - -6) - -10.
10
Calculate -2 + (5 - 0) + -5.
-2
What is the value of 2 - (3 + 1 + -2)?
0
Evaluate 0 + -1 + 0 + (1 - -2).
2
What is the value of (1 - (-2 + -12)) + -9?
6
What is 4 - (7 + (-6 - -4))?
-1
77 + -84 - (-1 - 9)
3
What is the value of -2 + -1 - (-8 - -4)?
1
Calculate 6 - (5 - (-7 + 0)) - 3.
-9
What is -4 - ((-6 - -5) + -3 + 1)?
-1
What is 11 + (-5 + 2 - -3) + -2?
9
Evaluate 1 + 1 + (3 - 5).
0
-3 - (1 - 1) - -6
3
Calculate 11 + (-14 - (11 - 11)).
-3
What is the value of -8 + 16 + -13 + 1?
-4
Evaluate (3 - (7 + -2)) + -2.
-4
Calculate (-16 - -12 - -5) + 6.
7
Evaluate -4 - (-7 - 0) - 0.
3
Calculate 12 + -10 + -11 - -10.
1
What is 1 + 0 - 0 - 4 - -8?
5
Evaluate -3 + 3 + (-7 - -3).
-4
What is -4 + (3 - (0 - 2 - -4))?
-3
What is the value of (3 - 1) + -1 + -4 + 5?
2
Evaluate (3 - 9) + (-14 - (-5 - 11)).
-4
Evaluate -1 - (-10 + 6 - (-7 - 1)).
-5
-9 + (-6 - -1 - -11)
-3
Evaluate 5 + -4 - 10 - (-4 - -1).
-6
What is the value of 0 + -1 - (-1 - 2)?
2
(10 - 6) + (-3 - -8 - 3)
6
Calculate (0 - -2 - 6 - 0) + 0.
-4
What is the value of -2 + -3 + -2 + 6?
-1
What is the value of (-14 - -36) + -14 - 11?
-3
-2 + (-13 - -7) - -6
-2
What is the value of (7 - 16) + (9 - 2) + -2?
-4
Evaluate (-2 - 1) + (0 - (-4 + 6)).
-5
Calculate -11 + 1 + 6 + (-6 - -5).
-5
Calculate 6 + (-6 - -6) - (2 + 3).
1
What is 2 + (-1 + -5 - -5)?
1
Calculate (-1 - (-10 - -12)) + 7.
4
What is the value of 1 - (1 - -4) - (-14 + 8)?
2
-76 - -64 - (-22 + 1)
9
-5 - (0 - (-4 + 4))
-5
Evaluate 1 + -4 - -4 - 5.
-4
Evaluate 5 + (2 - 4) + 1.
4
Calculate -5 + (2 - (-5 - -4) - 3).
-5
0 - ((-2 - -3) + 4)
-5
What is the value of -3 + (-3 - -6) - (-5 - 0)?
5
What is 9 + -12 + (1 - -4)?
2
Evaluate -15 - -3 - (23 + -34).
-1
What is the value of 2 - (5 - (5 - 1)) - 7?
-6
-1 - ((4 + -3 - 18) + 7)
9
(4 - -1 - 7) + -10 + 5
-7
Calculate 2 + (-5 - (7 + -8)) - -6.
4
Calculate (-5 - (-10 - -2)) + (1 - 1).
3
Calculate 